{"id":1128,"date":"2020-09-15T11:19:45","date_gmt":"2020-09-15T16:19:45","guid":{"rendered":"http:\/\/unaltrasena.com\/?page_id=1128"},"modified":"2025-09-03T10:17:08","modified_gmt":"2025-09-03T15:17:08","slug":"organigrama","status":"publish","type":"page","link":"https:\/\/unaltrasena.com\/index.php\/organigrama\/","title":{"rendered":"Organigrama"},"content":{"rendered":"\t\t<div data-elementor-type=\"wp-page\" data-elementor-id=\"1128\" class=\"elementor elementor-1128\">\n\t\t\t\t\t\t<section class=\"elementor-section elementor-top-section elementor-element elementor-element-1593e5a elementor-section-boxed elementor-section-height-default elementor-section-height-default elementor-invisible\" data-id=\"1593e5a\" data-element_type=\"section\" data-settings=\"{&quot;animation&quot;:&quot;fadeInLeft&quot;}\">\n\t\t\t\t\t\t<div class=\"elementor-container elementor-column-gap-default\">\n\t\t\t\t\t<div class=\"elementor-column elementor-col-100 elementor-top-column elementor-element elementor-element-f88e7a9\" data-id=\"f88e7a9\" data-element_type=\"column\">\n\t\t\t<div class=\"elementor-widget-wrap elementor-element-populated\">\n\t\t\t\t\t\t<div class=\"elementor-element elementor-element-b766a7b elementor-widget elementor-widget-heading\" data-id=\"b766a7b\" data-element_type=\"widget\" data-widget_type=\"heading.default\">\n\t\t\t\t<div class=\"elementor-widget-container\">\n\t\t\t<h2 class=\"elementor-heading-title elementor-size-default\">Organigrama UNALTRASENA<\/h2>\t\t<\/div>\n\t\t\t\t<\/div>\n\t\t\t\t\t<\/div>\n\t\t<\/div>\n\t\t\t\t\t<\/div>\n\t\t<\/section>\n\t\t\t\t<section class=\"elementor-section elementor-top-section elementor-element elementor-element-6ca95c2 elementor-section-boxed elementor-section-height-default elementor-section-height-default\" data-id=\"6ca95c2\" data-element_type=\"section\">\n\t\t\t\t\t\t<div class=\"elementor-container elementor-column-gap-default\">\n\t\t\t\t\t<div class=\"elementor-column elementor-col-100 elementor-top-column elementor-element elementor-element-9a57b9f\" data-id=\"9a57b9f\" data-element_type=\"column\">\n\t\t\t<div class=\"elementor-widget-wrap elementor-element-populated\">\n\t\t\t\t\t\t<div class=\"elementor-element elementor-element-96f5cd7 elementor-widget elementor-widget-image\" data-id=\"96f5cd7\" data-element_type=\"widget\" data-widget_type=\"image.default\">\n\t\t\t\t<div class=\"elementor-widget-container\">\n\t\t\t\t\t\t\t\t\t\t\t\t\t<img fetchpriority=\"high\" decoding=\"async\" width=\"750\" height=\"500\" src=\"https:\/\/unaltrasena.com\/wp-content\/uploads\/2023\/01\/cargos.jpg\" class=\"attachment-large size-large wp-image-1553\" alt=\"\" srcset=\"https:\/\/unaltrasena.com\/wp-content\/uploads\/2023\/01\/cargos.jpg 750w, https:\/\/unaltrasena.com\/wp-content\/uploads\/2023\/01\/cargos-300x200.jpg 300w\" sizes=\"(max-width: 750px) 100vw, 750px\" \/>\t\t\t\t\t\t\t\t\t\t\t\t\t<\/div>\n\t\t\t\t<\/div>\n\t\t\t\t\t<\/div>\n\t\t<\/div>\n\t\t\t\t\t<\/div>\n\t\t<\/section>\n\t\t\t\t<section class=\"elementor-section elementor-top-section elementor-element elementor-element-d77b733 elementor-section-boxed elementor-section-height-default elementor-section-height-default\" data-id=\"d77b733\" data-element_type=\"section\">\n\t\t\t\t\t\t<div class=\"elementor-container elementor-column-gap-default\">\n\t\t\t\t\t<div class=\"elementor-column elementor-col-50 elementor-top-column elementor-element elementor-element-0594add\" data-id=\"0594add\" data-element_type=\"column\">\n\t\t\t<div class=\"elementor-widget-wrap elementor-element-populated\">\n\t\t\t\t\t\t<div class=\"elementor-element elementor-element-963c351 elementor-widget elementor-widget-heading\" data-id=\"963c351\" data-element_type=\"widget\" data-widget_type=\"heading.default\">\n\t\t\t\t<div class=\"elementor-widget-container\">\n\t\t\t<h2 class=\"elementor-heading-title elementor-size-default\">RELACION INTEGRANTES DE LA JUNTA NACIONAL \u200b<\/h2>\t\t<\/div>\n\t\t\t\t<\/div>\n\t\t\t\t<div class=\"elementor-element elementor-element-53b1ec1 elementor-widget elementor-widget-text-editor\" data-id=\"53b1ec1\" data-element_type=\"widget\" data-widget_type=\"text-editor.default\">\n\t\t\t\t<div class=\"elementor-widget-container\">\n\t\t\t\t\t\t\t<table width=\"423\"><tbody><tr><td width=\"97\">Edgar Bonilla<\/td><td width=\"158\">Edgar Bonilla<\/td><td width=\"168\">Presidente<\/td><\/tr><tr><td>Leonor Rosa\u00a0<\/td><td><span style=\"font-family: 'Open Sans', sans-serif; font-size: 14px; font-style: normal; font-variant-ligatures: normal; font-variant-caps: normal; font-weight: 400;\">Rojas Marmolejo\u00a0<\/span><\/td><td>Vicepresidente<\/td><\/tr><tr><td>Mirtha<\/td><td>Moreno Murillo<\/td><td>Secretaria General<\/td><\/tr><tr><td>Eliseo<\/td><td>Casta\u00f1eda Rodr\u00ecguez<\/td><td>Fiscal<\/td><\/tr><tr><td>Oscar Calder\u00f3n\u00a0<\/td><td><span style=\"font-family: 'Open Sans', sans-serif; font-size: 14px; font-style: normal; font-variant-ligatures: normal; font-variant-caps: normal; font-weight: 400;\">Loaiza<\/span><\/td><td>Tesorero<\/td><\/tr><tr><td>\u00a0<\/td><td>\u00a0<\/td><td width=\"168\">\u00a0<\/td><\/tr><tr><td>\u00a0<\/td><td>\u00a0<\/td><td>\u00a0<\/td><\/tr><tr><td>Juan Carlos\u00a0<\/td><td><span style=\"font-family: 'Open Sans', sans-serif; font-size: 14px; font-style: normal; font-variant-ligatures: normal; font-variant-caps: normal; font-weight: 400;\">Sandoval\u00a0<\/span><\/td><td width=\"168\">Secretaria de formaci\u00f3n profesional y asuntos<\/td><\/tr><tr><td>Esther<\/td><td>Ramirez Guarnizo<\/td><td width=\"168\">Secretaria de asuntos laborales y salud<\/td><\/tr><tr><td><p>Oscar Calder\u00f3n\u00a0<\/p><\/td><td><span style=\"font-family: 'Open Sans', sans-serif; font-size: 14px; font-style: normal; font-variant-ligatures: normal; font-variant-caps: normal; font-weight: 400;\">Loaiza<\/span><\/td><td width=\"168\">Secretaria de Asuntos Educativos Pedagogicos y Cientificos<\/td><\/tr><tr><td>Nallyver Magaly<\/td><td>Moncaleano<\/td><td width=\"168\">Secretaria de Comunicaciones y TICS<\/td><\/tr><tr><td>\u00a0<\/td><td>\u00a0<\/td><td>\u00a0<\/td><\/tr><\/tbody><\/table>\t\t\t\t\t\t<\/div>\n\t\t\t\t<\/div>\n\t\t\t\t\t<\/div>\n\t\t<\/div>\n\t\t\t\t<div class=\"elementor-column elementor-col-50 elementor-top-column elementor-element elementor-element-367948c\" data-id=\"367948c\" data-element_type=\"column\">\n\t\t\t<div class=\"elementor-widget-wrap elementor-element-populated\">\n\t\t\t\t\t\t<div class=\"elementor-element elementor-element-17ccc54 elementor-widget elementor-widget-heading\" data-id=\"17ccc54\" data-element_type=\"widget\" data-widget_type=\"heading.default\">\n\t\t\t\t<div class=\"elementor-widget-container\">\n\t\t\t<h2 class=\"elementor-heading-title elementor-size-default\">RELACION INTEGRANTES DE LA JUNTA REGIONAL BOGOTA<\/h2>\t\t<\/div>\n\t\t\t\t<\/div>\n\t\t\t\t<div class=\"elementor-element elementor-element-2441cea elementor-widget elementor-widget-text-editor\" data-id=\"2441cea\" data-element_type=\"widget\" data-widget_type=\"text-editor.default\">\n\t\t\t\t<div class=\"elementor-widget-container\">\n\t\t\t\t\t\t\t<table width=\"423\"><tbody><tr><td width=\"97\">R\u00e1ul Vega\u00a0<\/td><td width=\"158\">Urriago<\/td><td width=\"168\">Presidente<\/td><\/tr><tr><td>Manuel<\/td><td>Sendoya Milla<\/td><td>Vicepresidente<\/td><\/tr><tr><td>Carolina Telles\u00a0<\/td><td>Bedolla<\/td><td>Secretaria General<\/td><\/tr><tr><td>Victor Julio\u00a0<\/td><td>Ramos Saavedra<\/td><td>Fiscal<\/td><\/tr><tr><td>Yamile<\/td><td>Galvis Quintero<\/td><td>Secretaria Comunicaciones<\/td><\/tr><tr><td>Ximena\u00a0<\/td><td>Avila Garcia\u00a0<\/td><td width=\"168\">Secretaria Comunicaciones<\/td><\/tr><\/tbody><\/table><table width=\"423\"><tbody><tr><td width=\"97\">Blanca\u00a0<\/td><td width=\"158\">Lizarazo Rueda<\/td><td width=\"168\">Comisi\u00f3n de reclamos\u00a0<\/td><\/tr><tr><td>Jaime\u00a0<\/td><td>Abelardo Cardoso<\/td><td>Secretaria de Educaci\u00f3n\u00a0<\/td><\/tr><tr><td>Carolina Telles\u00a0<\/td><td>Bedolla<\/td><td>Secretaria General<\/td><\/tr><tr><td>\u00a0<\/td><td>\u00a0<\/td><td>\u00a0<\/td><\/tr><tr><td>\u00a0<\/td><td>\u00a0<\/td><td>\u00a0<\/td><\/tr><tr><td>\u00a0<\/td><td>\u00a0<\/td><td width=\"168\">\u00a0<\/td><\/tr><\/tbody><\/table>\t\t\t\t\t\t<\/div>\n\t\t\t\t<\/div>\n\t\t\t\t\t<\/div>\n\t\t<\/div>\n\t\t\t\t\t<\/div>\n\t\t<\/section>\n\t\t\t\t<section class=\"elementor-section elementor-top-section elementor-element elementor-element-46697a4 elementor-section-boxed elementor-section-height-default elementor-section-height-default\" data-id=\"46697a4\" data-element_type=\"section\">\n\t\t\t\t\t\t<div class=\"elementor-container elementor-column-gap-default\">\n\t\t\t\t\t<div class=\"elementor-column elementor-col-50 elementor-top-column elementor-element elementor-element-cdad963\" data-id=\"cdad963\" data-element_type=\"column\">\n\t\t\t<div class=\"elementor-widget-wrap elementor-element-populated\">\n\t\t\t\t\t\t<div class=\"elementor-element elementor-element-9c9144b elementor-widget elementor-widget-heading\" data-id=\"9c9144b\" data-element_type=\"widget\" data-widget_type=\"heading.default\">\n\t\t\t\t<div class=\"elementor-widget-container\">\n\t\t\t<h2 class=\"elementor-heading-title elementor-size-default\"><h2 data-elementor-setting-key=\"title\" data-pen-placeholder=\"Teclea aqu\u00ed...\" style=\"font-variant-ligatures: normal; font-variant-caps: normal; font-style: normal;\">RELACION INTEGRANTES DE LA JUNTA REGIONAL CUNDINAMARCA<\/h2><\/h2>\t\t<\/div>\n\t\t\t\t<\/div>\n\t\t\t\t<div class=\"elementor-element elementor-element-d922893 elementor-widget elementor-widget-text-editor\" data-id=\"d922893\" data-element_type=\"widget\" data-widget_type=\"text-editor.default\">\n\t\t\t\t<div class=\"elementor-widget-container\">\n\t\t\t\t\t\t\t<table style=\"height: 232px;\" width=\"423\"><tbody><tr><td width=\"97\">Claudia Cristina<\/td><td width=\"158\">Mendez Villareal<\/td><td width=\"168\">Presidente<\/td><\/tr><tr><td>Guillermo\u00a0\u00a0<\/td><td>Lozada Romero<\/td><td>Vicepresidente<\/td><\/tr><tr><td>Carmen\u00a0<\/td><td>Angelica Fonseca\u00a0<\/td><td>Fiscal<\/td><\/tr><tr><td>Eva\u00a0<\/td><td>Marquez Pinz\u00f3n<\/td><td>Secretaria General<\/td><\/tr><tr><td>Salome\u00a0<\/td><td>Solano Sarria<\/td><td>Tesorera<\/td><\/tr><tr><td>Sandra\u00a0<\/td><td>Pinilla Torres<\/td><td width=\"168\">Comisi\u00f3n de Reclamos\u00a0<\/td><\/tr><\/tbody><\/table><p>\u00a0<\/p><table style=\"height: 275px;\" width=\"421\"><tbody><tr><td width=\"97\">Magda Viviana<\/td><td width=\"158\">Claro Rodriguez\u00a0<\/td><td width=\"168\">Comisi\u00f3n de Reclamos\u00a0<\/td><\/tr><tr><td>Mar\u00eda Helena<\/td><td>Castro<\/td><td>Secretaria Asuntos Educativos\u00a0<\/td><\/tr><tr><td>Cesar Javier\u00a0<\/td><td>Barriga<\/td><td>Secretaria Asuntos jur\u00eddicos<\/td><\/tr><tr><td>Orlando\u00a0<\/td><td>Castrillon Garcia\u00a0<\/td><td>Secretaria Asuntos laborales y salud\u00a0<\/td><\/tr><tr><td>Raul Jose\u00a0<\/td><td>Marrugo Martinez<\/td><td>Secretaria de comunicaci\u00f3n.<\/td><\/tr><tr><td>Sandra\u00a0<\/td><td>Pinilla Torres<\/td><td width=\"168\">Comisi\u00f3n de Reclamos\u00a0<\/td><\/tr><\/tbody><\/table>\t\t\t\t\t\t<\/div>\n\t\t\t\t<\/div>\n\t\t\t\t\t<\/div>\n\t\t<\/div>\n\t\t\t\t<div class=\"elementor-column elementor-col-50 elementor-top-column elementor-element elementor-element-08a5e30\" data-id=\"08a5e30\" data-element_type=\"column\">\n\t\t\t<div class=\"elementor-widget-wrap elementor-element-populated\">\n\t\t\t\t\t\t<div class=\"elementor-element elementor-element-df1d3e9 elementor-widget elementor-widget-heading\" data-id=\"df1d3e9\" data-element_type=\"widget\" data-widget_type=\"heading.default\">\n\t\t\t\t<div class=\"elementor-widget-container\">\n\t\t\t<h2 class=\"elementor-heading-title elementor-size-default\">            <\/h2>\t\t<\/div>\n\t\t\t\t<\/div>\n\t\t\t\t\t<\/div>\n\t\t<\/div>\n\t\t\t\t\t<\/div>\n\t\t<\/section>\n\t\t\t\t<\/div>\n\t\t","protected":false},"excerpt":{"rendered":"<p>Organigrama UNALTRASENA RELACION INTEGRANTES DE LA JUNTA NACIONAL \u200b Edgar Bonilla Edgar Bonilla Presidente Leonor Rosa\u00a0 Rojas Marmolejo\u00a0 Vicepresidente Mirtha Moreno Murillo Secretaria General Eliseo Casta\u00f1eda Rodr\u00ecguez Fiscal Oscar Calder\u00f3n\u00a0 Loaiza Tesorero \u00a0 \u00a0 \u00a0 \u00a0 \u00a0 \u00a0 Juan Carlos\u00a0 Sandoval\u00a0 Secretaria de formaci\u00f3n profesional y asuntos Esther Ramirez Guarnizo Secretaria de asuntos laborales y [&hellip;]<\/p>\n","protected":false},"author":1,"featured_media":0,"parent":0,"menu_order":0,"comment_status":"closed","ping_status":"closed","template":"elementor_header_footer","meta":{"om_disable_all_campaigns":false,"_monsterinsights_skip_tracking":false,"_monsterinsights_sitenote_active":false,"_monsterinsights_sitenote_note":"","_monsterinsights_sitenote_category":0,"footnotes":""},"class_list":["post-1128","page","type-page","status-publish","hentry","entry"],"aioseo_notices":[],"_links":{"self":[{"href":"https:\/\/unaltrasena.com\/index.php\/wp-json\/wp\/v2\/pages\/1128","targetHints":{"allow":["GET"]}}],"collection":[{"href":"https:\/\/unaltrasena.com\/index.php\/wp-json\/wp\/v2\/pages"}],"about":[{"href":"https:\/\/unaltrasena.com\/index.php\/wp-json\/wp\/v2\/types\/page"}],"author":[{"embeddable":true,"href":"https:\/\/unaltrasena.com\/index.php\/wp-json\/wp\/v2\/users\/1"}],"replies":[{"embeddable":true,"href":"https:\/\/unaltrasena.com\/index.php\/wp-json\/wp\/v2\/comments?post=1128"}],"version-history":[{"count":48,"href":"https:\/\/unaltrasena.com\/index.php\/wp-json\/wp\/v2\/pages\/1128\/revisions"}],"predecessor-version":[{"id":1875,"href":"https:\/\/unaltrasena.com\/index.php\/wp-json\/wp\/v2\/pages\/1128\/revisions\/1875"}],"wp:attachment":[{"href":"https:\/\/unaltrasena.com\/index.php\/wp-json\/wp\/v2\/media?parent=1128"}],"curies":[{"name":"wp","href":"https:\/\/api.w.org\/{rel}","templated":true}]}}

<div data-elementor-type="wp-page" data-elementor-id="1128" class="elementor elementor-1128">
						<section class="elementor-section elementor-top-section elementor-element elementor-element-1593e5a elementor-section-boxed elementor-section-height-default elementor-section-height-default elementor-invisible" data-id="1593e5a" data-element_type="section" data-settings="{&quot;animation&quot;:&quot;fadeInLeft&quot;}">
						<div class="elementor-container elementor-column-gap-default">
					<div class="elementor-column elementor-col-100 elementor-top-column elementor-element elementor-element-f88e7a9" data-id="f88e7a9" data-element_type="column">
			<div class="elementor-widget-wrap elementor-element-populated">
						<div class="elementor-element elementor-element-b766a7b elementor-widget elementor-widget-heading" data-id="b766a7b" data-element_type="widget" data-widget_type="heading.default">
				<div class="elementor-widget-container">
			<h2 class="elementor-heading-title elementor-size-default">Organigrama UNALTRASENA</h2>		</div>
				</div>
					</div>
		</div>
					</div>
		</section>
				<section class="elementor-section elementor-top-section elementor-element elementor-element-6ca95c2 elementor-section-boxed elementor-section-height-default elementor-section-height-default" data-id="6ca95c2" data-element_type="section">
						<div class="elementor-container elementor-column-gap-default">
					<div class="elementor-column elementor-col-100 elementor-top-column elementor-element elementor-element-9a57b9f" data-id="9a57b9f" data-element_type="column">
			<div class="elementor-widget-wrap elementor-element-populated">
						<div class="elementor-element elementor-element-96f5cd7 elementor-widget elementor-widget-image" data-id="96f5cd7" data-element_type="widget" data-widget_type="image.default">
				<div class="elementor-widget-container">
													<img fetchpriority="high" decoding="async" width="750" height="500" src="https://unaltrasena.com/wp-content/uploads/2023/01/cargos.jpg" class="attachment-large size-large wp-image-1553" alt="" srcset="https://unaltrasena.com/wp-content/uploads/2023/01/cargos.jpg 750w, https://unaltrasena.com/wp-content/uploads/2023/01/cargos-300x200.jpg 300w" sizes="(max-width: 750px) 100vw, 750px" />													</div>
				</div>
					</div>
		</div>
					</div>
		</section>
				<section class="elementor-section elementor-top-section elementor-element elementor-element-d77b733 elementor-section-boxed elementor-section-height-default elementor-section-height-default" data-id="d77b733" data-element_type="section">
						<div class="elementor-container elementor-column-gap-default">
					<div class="elementor-column elementor-col-50 elementor-top-column elementor-element elementor-element-0594add" data-id="0594add" data-element_type="column">
			<div class="elementor-widget-wrap elementor-element-populated">
						<div class="elementor-element elementor-element-963c351 elementor-widget elementor-widget-heading" data-id="963c351" data-element_type="widget" data-widget_type="heading.default">
				<div class="elementor-widget-container">
			<h2 class="elementor-heading-title elementor-size-default">RELACION INTEGRANTES DE LA JUNTA NACIONAL ​</h2>		</div>
				</div>
				<div class="elementor-element elementor-element-53b1ec1 elementor-widget elementor-widget-text-editor" data-id="53b1ec1" data-element_type="widget" data-widget_type="text-editor.default">
				<div class="elementor-widget-container">
							<table width="423"><tbody><tr><td width="97">Edgar Bonilla</td><td width="158">Edgar Bonilla</td><td width="168">Presidente</td></tr><tr><td>Leonor Rosa </td><td><span style="font-family: 'Open Sans', sans-serif; font-size: 14px; font-style: normal; font-variant-ligatures: normal; font-variant-caps: normal; font-weight: 400;">Rojas Marmolejo </span></td><td>Vicepresidente</td></tr><tr><td>Mirtha</td><td>Moreno Murillo</td><td>Secretaria General</td></tr><tr><td>Eliseo</td><td>Castañeda Rodrìguez</td><td>Fiscal</td></tr><tr><td>Oscar Calderón </td><td><span style="font-family: 'Open Sans', sans-serif; font-size: 14px; font-style: normal; font-variant-ligatures: normal; font-variant-caps: normal; font-weight: 400;">Loaiza</span></td><td>Tesorero</td></tr><tr><td> </td><td> </td><td width="168"> </td></tr><tr><td> </td><td> </td><td> </td></tr><tr><td>Juan Carlos </td><td><span style="font-family: 'Open Sans', sans-serif; font-size: 14px; font-style: normal; font-variant-ligatures: normal; font-variant-caps: normal; font-weight: 400;">Sandoval </span></td><td width="168">Secretaria de formación profesional y asuntos</td></tr><tr><td>Esther</td><td>Ramirez Guarnizo</td><td width="168">Secretaria de asuntos laborales y salud</td></tr><tr><td><p>Oscar Calderón </p></td><td><span style="font-family: 'Open Sans', sans-serif; font-size: 14px; font-style: normal; font-variant-ligatures: normal; font-variant-caps: normal; font-weight: 400;">Loaiza</span></td><td width="168">Secretaria de Asuntos Educativos Pedagogicos y Cientificos</td></tr><tr><td>Nallyver Magaly</td><td>Moncaleano</td><td width="168">Secretaria de Comunicaciones y TICS</td></tr><tr><td> </td><td> </td><td> </td></tr></tbody></table>						</div>
				</div>
					</div>
		</div>
				<div class="elementor-column elementor-col-50 elementor-top-column elementor-element elementor-element-367948c" data-id="367948c" data-element_type="column">
			<div class="elementor-widget-wrap elementor-element-populated">
						<div class="elementor-element elementor-element-17ccc54 elementor-widget elementor-widget-heading" data-id="17ccc54" data-element_type="widget" data-widget_type="heading.default">
				<div class="elementor-widget-container">
			<h2 class="elementor-heading-title elementor-size-default">RELACION INTEGRANTES DE LA JUNTA REGIONAL BOGOTA</h2>		</div>
				</div>
				<div class="elementor-element elementor-element-2441cea elementor-widget elementor-widget-text-editor" data-id="2441cea" data-element_type="widget" data-widget_type="text-editor.default">
				<div class="elementor-widget-container">
							<table width="423"><tbody><tr><td width="97">Rául Vega </td><td width="158">Urriago</td><td width="168">Presidente</td></tr><tr><td>Manuel</td><td>Sendoya Milla</td><td>Vicepresidente</td></tr><tr><td>Carolina Telles </td><td>Bedolla</td><td>Secretaria General</td></tr><tr><td>Victor Julio </td><td>Ramos Saavedra</td><td>Fiscal</td></tr><tr><td>Yamile</td><td>Galvis Quintero</td><td>Secretaria Comunicaciones</td></tr><tr><td>Ximena </td><td>Avila Garcia </td><td width="168">Secretaria Comunicaciones</td></tr></tbody></table><table width="423"><tbody><tr><td width="97">Blanca </td><td width="158">Lizarazo Rueda</td><td width="168">Comisión de reclamos </td></tr><tr><td>Jaime </td><td>Abelardo Cardoso</td><td>Secretaria de Educación </td></tr><tr><td>Carolina Telles </td><td>Bedolla</td><td>Secretaria General</td></tr><tr><td> </td><td> </td><td> </td></tr><tr><td> </td><td> </td><td> </td></tr><tr><td> </td><td> </td><td width="168"> </td></tr></tbody></table>						</div>
				</div>
					</div>
		</div>
					</div>
		</section>
				<section class="elementor-section elementor-top-section elementor-element elementor-element-46697a4 elementor-section-boxed elementor-section-height-default elementor-section-height-default" data-id="46697a4" data-element_type="section">
						<div class="elementor-container elementor-column-gap-default">
					<div class="elementor-column elementor-col-50 elementor-top-column elementor-element elementor-element-cdad963" data-id="cdad963" data-element_type="column">
			<div class="elementor-widget-wrap elementor-element-populated">
						<div class="elementor-element elementor-element-9c9144b elementor-widget elementor-widget-heading" data-id="9c9144b" data-element_type="widget" data-widget_type="heading.default">
				<div class="elementor-widget-container">
			<h2 class="elementor-heading-title elementor-size-default"><h2 data-elementor-setting-key="title" data-pen-placeholder="Teclea aquí..." style="font-variant-ligatures: normal; font-variant-caps: normal; font-style: normal;">RELACION INTEGRANTES DE LA JUNTA REGIONAL CUNDINAMARCA</h2></h2>		</div>
				</div>
				<div class="elementor-element elementor-element-d922893 elementor-widget elementor-widget-text-editor" data-id="d922893" data-element_type="widget" data-widget_type="text-editor.default">
				<div class="elementor-widget-container">
							<table style="height: 232px;" width="423"><tbody><tr><td width="97">Claudia Cristina</td><td width="158">Mendez Villareal</td><td width="168">Presidente</td></tr><tr><td>Guillermo  </td><td>Lozada Romero</td><td>Vicepresidente</td></tr><tr><td>Carmen </td><td>Angelica Fonseca </td><td>Fiscal</td></tr><tr><td>Eva </td><td>Marquez Pinzón</td><td>Secretaria General</td></tr><tr><td>Salome </td><td>Solano Sarria</td><td>Tesorera</td></tr><tr><td>Sandra </td><td>Pinilla Torres</td><td width="168">Comisión de Reclamos </td></tr></tbody></table><p> </p><table style="height: 275px;" width="421"><tbody><tr><td width="97">Magda Viviana</td><td width="158">Claro Rodriguez </td><td width="168">Comisión de Reclamos </td></tr><tr><td>María Helena</td><td>Castro</td><td>Secretaria Asuntos Educativos </td></tr><tr><td>Cesar Javier </td><td>Barriga</td><td>Secretaria Asuntos jurídicos</td></tr><tr><td>Orlando </td><td>Castrillon Garcia </td><td>Secretaria Asuntos laborales y salud </td></tr><tr><td>Raul Jose </td><td>Marrugo Martinez</td><td>Secretaria de comunicación.</td></tr><tr><td>Sandra </td><td>Pinilla Torres</td><td width="168">Comisión de Reclamos </td></tr></tbody></table>						</div>
				</div>
					</div>
		</div>
				<div class="elementor-column elementor-col-50 elementor-top-column elementor-element elementor-element-08a5e30" data-id="08a5e30" data-element_type="column">
			<div class="elementor-widget-wrap elementor-element-populated">
						<div class="elementor-element elementor-element-df1d3e9 elementor-widget elementor-widget-heading" data-id="df1d3e9" data-element_type="widget" data-widget_type="heading.default">
				<div class="elementor-widget-container">
			<h2 class="elementor-heading-title elementor-size-default">            </h2>		</div>
				</div>
					</div>
		</div>
					</div>
		</section>
				</div>

<p>Organigrama UNALTRASENA RELACION INTEGRANTES DE LA JUNTA NACIONAL ​ Edgar Bonilla Edgar Bonilla Presidente Leonor Rosa  Rojas Marmolejo  Vicepresidente Mirtha Moreno Murillo Secretaria General Eliseo Castañeda Rodrìguez Fiscal Oscar Calderón  Loaiza Tesorero             Juan Carlos  Sandoval  Secretaria de formación profesional y asuntos Esther Ramirez Guarnizo Secretaria de asuntos laborales y [&hellip;]</p>
